pose 52 = 2*g - c, -4*g + 140 - 28 = -4*c. Calculate the highest common factor of p and g.
12
Let g be (-3 - -2)/(2/(-466)). Let a = g + 372. Calculate the greatest common factor of a and 55.
55
Let p = 6968 - 6618. Calculate the highest common divisor of p and 950.
50
Let l be 3 - ((15 - 83) + 10/2). Suppose -l = -18*s + 7*s. Let j = -2 + 3. What is the greatest common factor of s and j?
1
Let t(w) = -4*w + 1. Let l be t(2). Let a be (1 - l) + 4/2. Let x be a*4/4 + -1 - -3. Calculate the greatest common divisor of 24 and x.
12
Let n = -7 - -10. Let j be 11/n - 4/(-12). Let u = 76 + j. Calculate the highest common divisor of u and 10.
10
Let n = 3026 + -1871. Calculate the highest common divisor of n and 105.
105
Suppose -4*l + 3*d = -18015, -1441 = 2*l - 5*d - 10466. Calculate the greatest common factor of l and 18.
18
Let r = 14239 - 13069. Calculate the highest common factor of 1430 and r.
130
Suppose 4*y = -21*q + 18*q + 3137, -3*y = 3*q - 2352. What is the highest common factor of 4239 and y?
157
Let n(w) = 17*w - 20. Let x be n(8). Let g = x + 31. What is the highest common divisor of g and 21?
21
Let f be (37 + -38)/(2/2). Let j be (f/1)/((-10)/650). Let o = -12 - -25. What is the highest common factor of o and j?
13
Let g = 0 - -15. Let y(b) = b + 298. Let o be y(-13). Calculate the highest common divisor of o and g.
15
Let z be (-20)/(((-2)/4)/(5/20)). Suppose 17*m = 22*m + z. Let c be m + 4 - (-2 + -21). What is the greatest common divisor of 25 and c?
25
Suppose -572 = -7*a - 460. Suppose -a*f + 72 = -7*f. What is the greatest common factor of 16 and f?
8
Let t(o) = -o**2 - 26*o - 88. Let u be t(-15). Suppose -47 = 3*j - u. What is the greatest common factor of 2 and j?
2
Let i(s) = 6*s**2 + 519*s - 186. Let y be i(-87). Calculate the greatest common factor of y and 6075.
75
Let o be (-1378)/(-12) - 7/(-42). Suppose 0 = -11*f + 295 - 42. What is the greatest common divisor of f and o?
23
Let w(l) = 3*l**3 - 23*l**2 - 11*l + 9. Let g be w(10). Let t = -586 + g. Let r be 2*1 - 252/(-4). What is the highest common divisor of t and r?
13
Suppose 0 = 2*b + 6 - 14. Let k(x) = -11*x**2 + 21*x**2 - b*x - 7*x**2 + 4. Let n be k(3). Calculate the greatest common factor of 152 and n.
19
Suppose 5*l - 30 = -5*h, 5*l = -0*h - 2*h + 18. Suppose -1745 = -4*k - 3*t, 4*k - 9*k + 2183 = l*t. Calculate the highest common factor of k and 19.
19
Suppose -24 = 7*t - 10. Let v be (1/(-1))/((8/132)/t). Calculate the greatest common divisor of 33 and v.
33
Suppose 2*y = 2650 - 2522. What is the greatest common divisor of y and 400?
16
Let d = 11 + 1. Let k be (102/17)/(3/8). Suppose -k*w = w - 2244. What is the highest common divisor of d and w?
12
Let j = -353 - -392. Let x(l) = l**3 - l**2 + 2*l + 13. Let s be x(0). What is the greatest common factor of j and s?
13
Let a = 19070 - 18886. Calculate the highest common divisor of 48 and a.
8
Let q(u) = -2*u. Let v be q(-1). Let f(n) = 5*n**3 - 13*n**2 + 10*n. Let y be f(2). Suppose 48 = -v*p + y*p. What is the greatest common factor of 64 and p?
8
Suppose -5*z - 3*k + 80 = 0, 5*z - z - 64 = 3*k. Let q be ((-1)/1)/((-2)/142). Let b = 135 - q. Calculate the highest common divisor of z and b.
16
Suppose -5*g = 2*i - 42, -2*g = 3*i - 5*g - 21. Let n be 16 + -15 + 27*-2. Let c = n - -174. What is the greatest common divisor of c and i?
11
Let a = 13 - -45. Suppose -62 = q - 65. Suppose a = q*p - 50. What is the highest common factor of 24 and p?
12
Let j(b) = 2*b**3 - 6*b**2 + 9*b - 25. Let a be j(3). Calculate the highest common divisor of 160 and a.
2
Suppose -30*i = 49*i - 151996. What is the highest common divisor of i and 156?
52
Let u = 295 + -395. Let d = u - -308. Suppose -3*r - 71 = -5*o, r = 5*o - r - 74. What is the highest common factor of d and o?
16
Let z = -189 + 449. Suppose -17*j - 3*j = -z. What is the highest common factor of 143 and j?
13
Let q(o) = -o**2 + 211*o + 14035. Let g be q(-53). Let x(i) = -113*i - 6. Let z be x(-5). Calculate the highest common factor of z and g.
43
Let g = -120 - -246. Suppose -54*u + 448 = -22*u. What is the highest common factor of g and u?
14
Let g = -4802 + 7301. Calculate the highest common factor of g and 1029.
147
Let m(f) = -52*f - 558. Let c be m(-11). Calculate the highest common factor of c and 7042.
14
Let m = 28 + -22. Let k(c) = -2*c**3 - c**2 - 5*c. Let q be k(-3). Calculate the greatest common divisor of q and m.
6
Suppose -823*u - 5*z - 63135 = -828*u, 2*z = -4*u + 50454. What is the highest common factor of 72 and u?
18
Suppose 5*x + 5*o = 1278 + 807, 421 = x + 2*o. What is the highest common factor of x and 28?
7
Suppose -x + 4*x - 48 = 0. Let u be 4 + 15/(120/32). Let b(l) = l**2 - 10*l + 40. Let n be b(u). Calculate the greatest common divisor of x and n.
8
Suppose 6*h + 3 = 7*h. Suppose -1662 = -5*x - 0*t + h*t, 2*x - 4*t = 662. Calculate the highest common factor of 37 and x.
37
Let h(p) = -2*p + p + 2*p + 118505 - 118503. Let w(d) = -d**2 - 8*d - 5. Let c be w(-5). Let i be h(c). What is the greatest common divisor of i and 12?
12
Let d = 3838 - -2334. Let c be (2/4)/(d/(-3088) - -2). Suppose -4*b + 1208 = -2*q, -b - 2*q + c - 74 = 0. Calculate the highest common factor of b and 38.
38
Let n = 11 - -2. Suppose k + n = 4*b, -15 = -4*b - 3*k - 6. Let h be (-1)/b - (-5)/15*10. Calculate the greatest common factor of h and 33.
3
Let g = -9258 - -9453. What is the greatest common factor of 735 and g?
15
Suppose -92 = -5*j + c, -4*j + 0*c = -2*c - 76. Let w = -1273 + 842. Let q be 2/6 + w/(-3). What is the greatest common divisor of j and q?
18
Let h(k) = -k**2 + k - 14. Let r be h(0). Let q be 2/r - (-318)/21. Suppose -5*p + 90 - q = 0. What is the greatest common divisor of 15 and p?
15
Let n(i) = i**2 + 3*i - 10. Let y be n(-6). Suppose 12 = 10*p - y*p. Suppose 0 = 3*o + 12, q - p*q + 25 = 5*o. What is the highest common divisor of q and 9?
9
Let m be -218*(12 - 125/10). What is the highest common factor of m and 8611?
109
Let m(z) = z**3 + 22*z + 25 + 68*z**2 - 132*z**2 + 88*z**2. Let v be m(-23). Calculate the greatest common divisor of 384 and v.
48
Suppose 120 = -895*t + 913*t - 564. What is the highest common factor of t and 2793?
19
Let l(t) = -37*t**3 + 3*t**2 + 4*t. Let x be l(-2). Let v = x - -41. Calculate the greatest common factor of v and 31.
31
Let m(g) = 12 + 21 - 2*g + 4*g**3 - 12 - 5*g**3 + 24*g**2. Let u be m(24). Let p = u + 40. What is the greatest common factor of p and 91?
13
Let k(u) = -52*u**3 - u**2 + 1. Let i be k(-1). Let y be 435/((-20)/(-4)) + (1 - (-18 - -15)). Calculate the greatest common factor of y and i.
13
Suppose 0 = 5*t + 3*a - 288, 6*t + 181 = -2*a + 525. What is the greatest common divisor of 3648 and t?
57
Let f(r) = -17204*r - 3 + 17205*r - 5*r**2 + 2*r**3 - 5 + 2 + 2*r**3. Let n be f(5). What is the highest common factor of n and 22?
22
Let v = 2882 - 2792. Calculate the highest common divisor of 175 and v.
5
Let x = 396 + -437. Let p(l) = 2*l**3 + 81*l**2 - 39*l + 92. Let q be p(x). What is the highest common factor of q and 110?
10
Let v(q) = 676*q + 1473. Let j be v(9). Calculate the highest common factor of j and 33.
33
Let p(l) = -4*l - 1. Let b be p(-4). Let f = 15 - -4. Let k = b + f. What is the highest common factor of 51 and k?
17
Let l(g) = -75*g + 3052. Let b be l(40). Calculate the greatest common divisor of 6292 and b.
52
Let x(m) = -m**2 + m - 6. Let k be x(9). Let d be ((-4)/12 + 0)*k. Let j = d + 109. Calculate the highest common factor of 54 and j.
27
Let u = 32 + 2. Let h = -98 - -102. Suppose 3*k = h*k + 3, 5*m + 2*k - 844 = 0. What is the greatest common factor of m and u?
34
Let d = 2 - -7. Let n(m) = m**2 + 4*m + 31. Let c be n(-11). Suppose -14*j + 11*j = -c. Calculate the highest common divisor of d and j.
9
Let t(g) = 197*g**3 - 3*g - 2. Let u be t(-1). Let z = -192 - u. Calculate the highest common divisor of 116 and z.
4
Suppose 0 = 376*o - 16*o - 150480. What is the highest common divisor of o and 2812?
38
Suppose 5*l + 3*a - 610 = -133, 4*l - 352 = 5*a. Calculate the greatest common divisor of l and 3782.
31
Suppose -277*u + 268*u + 1386 = 0. Calculate the greatest common factor of u and 98.
14
Suppose 2*x + 6*s - 2*s = -220, 3*s = -4*x - 425. Let p = x + 135. Calcula